{"id":4310,"date":"2024-12-23T17:09:56","date_gmt":"2024-12-23T17:09:56","guid":{"rendered":"https:\/\/crid.esecs.ipleiria.pt\/?page_id=4310"},"modified":"2024-12-25T21:08:26","modified_gmt":"2024-12-25T21:08:26","slug":"covid-19-2","status":"publish","type":"page","link":"https:\/\/crid.esecs.ipleiria.pt\/en\/covid-19-2\/","title":{"rendered":"Covid-19"},"content":{"rendered":"\n<p class=\"has-large-font-size\">&#8220;COVID-19 is the designation given by the World Health Organization to identify the disease caused by the new coronavirus SARS-CoV-2. This new coronavirus was first identified in December 2019 in China, in the city of Wuhan. The initial cases of the COVID-19 disease were linked to a market in Wuhan (Wuhan&#8217;s Huanan Seafood Wholesale Market). The market was closed on January 1, 2020, but the disease progressed, triggering a worldwide epidemic or pandemic.&#8221;<\/p>\n\n\n\n<p class=\"has-large-font-size\">Source: Ministry of Health<\/p>\n\n\n\n<p class=\"has-large-font-size\">If you have doubts, clarify them <a href=\"https:\/\/covid19.min-saude.pt\/perguntas-frequentes\/\" data-type=\"URL\" data-id=\"https:\/\/covid19.min-saude.pt\/perguntas-frequentes\/\" target=\"_blank\" rel=\"noreferrer noopener\">aqui<\/a>.<\/p>\n\n\n\n<p class=\"has-large-font-size\">CRID has developed several messages using the Pictographic System for Communication (SPC), a type of communication that helps people with intellectual disabilities or other types of limitations, namely low literacy. These messages are available below:<\/p>\n\n\n\n<p class=\"has-white-color has-dark-gray-background-color has-text-color has-background has-link-color has-large-font-size wp-elements-a3624c1a82af4e76305756bd6071a2ff\"><strong>Communication Table<\/strong><\/p>\n\n\n\n<p><a href=\"http:\/\/crid.esecs.ipleiria.pt\/files\/2021\/06\/quadro_medico.pdf\" data-type=\"URL\" data-id=\"http:\/\/crid.esecs.ipleiria.pt\/files\/2021\/06\/quadro_medico.pdf\" target=\"_blank\" rel=\"noreferrer noopener\">Comunica\u00e7\u00e3o n\u00e3o verbal &#8211; Quadro M\u00e9dico<\/a><\/p>\n\n\n\n<p class=\"has-white-color has-dark-gray-background-color has-text-color has-background has-link-color has-large-font-size wp-elements-806973d3d0e72c537b01eac70ea8a31e\"><strong>Rules<\/strong><\/p>\n\n\n\n<ul class=\"wp-block-list\">\n<li><a href=\"http:\/\/crid.esecs.ipleiria.pt\/files\/2021\/01\/aaa_regras_basicas.pdf\" data-type=\"URL\" data-id=\"http:\/\/crid.esecs.ipleiria.pt\/files\/2021\/01\/aaa_regras_basicas.pdf\" target=\"_blank\" rel=\"noreferrer noopener\">Regras b\u00e1sicas de higiene<\/a><\/li>\n\n\n\n<li><a rel=\"noreferrer noopener\" href=\"http:\/\/crid.esecs.ipleiria.pt\/files\/2021\/01\/aaa_como_lavar_maos.pdf\" data-type=\"URL\" data-id=\"http:\/\/crid.esecs.ipleiria.pt\/files\/2021\/01\/aaa_como_lavar_maos.pdf\" target=\"_blank\">Como lavar as m\u00e3os?<\/a><\/li>\n\n\n\n<li><a rel=\"noreferrer noopener\" href=\"http:\/\/crid.esecs.ipleiria.pt\/files\/2021\/01\/aaa_uso_mascara.pdf\" data-type=\"URL\" data-id=\"http:\/\/crid.esecs.ipleiria.pt\/files\/2021\/01\/aaa_uso_mascara.pdf\" target=\"_blank\">Como usar a m\u00e1scara?<\/a><\/li>\n\n\n\n<li><a href=\"http:\/\/crid.esecs.ipleiria.pt\/files\/2021\/01\/aaa_dispensa_mascara.pdf\" data-type=\"URL\" data-id=\"http:\/\/crid.esecs.ipleiria.pt\/files\/2021\/01\/aaa_dispensa_mascara.pdf\" target=\"_blank\" rel=\"noreferrer noopener\">Quem est\u00e1 dispensado do uso da m\u00e1scara?<\/a><\/li>\n<\/ul>\n\n\n\n<p class=\"has-white-color has-dark-gray-background-color has-text-color has-background has-link-color has-large-font-size wp-elements-9850f9aed04e537b91878e2c869c1c5d\"><strong>Chronological Rules<\/strong><\/p>\n\n\n\n<ul class=\"wp-block-list\">\n<li><a href=\"http:\/\/crid.esecs.ipleiria.pt\/files\/2021\/01\/regras_4_maio_2020.pdf\" data-type=\"URL\" data-id=\"http:\/\/crid.esecs.ipleiria.pt\/files\/2021\/01\/regras_4_maio_2020.pdf\" target=\"_blank\" rel=\"noreferrer noopener\">4 de maio de 2020<\/a><\/li>\n\n\n\n<li><a href=\"http:\/\/crid.esecs.ipleiria.pt\/files\/2021\/01\/4_maio_cabeleireiros.pdf\" data-type=\"URL\" data-id=\"http:\/\/crid.esecs.ipleiria.pt\/files\/2021\/01\/4_maio_cabeleireiros.pdf\" target=\"_blank\" rel=\"noreferrer noopener\">4 de maio de 2020 &#8211; cabeleireiros<\/a><\/li>\n\n\n\n<li><a rel=\"noreferrer noopener\" href=\"http:\/\/crid.esecs.ipleiria.pt\/files\/2021\/01\/regras_18_maio_2020.pdf\" data-type=\"URL\" data-id=\"http:\/\/crid.esecs.ipleiria.pt\/files\/2021\/01\/regras_18_maio_2020.pdf\" target=\"_blank\">18 de maio de 2020<\/a><\/li>\n\n\n\n<li><a rel=\"noreferrer noopener\" href=\"http:\/\/crid.esecs.ipleiria.pt\/files\/2021\/01\/18_maio_visita_museus.pdf\" data-type=\"URL\" data-id=\"http:\/\/crid.esecs.ipleiria.pt\/files\/2021\/01\/18_maio_visita_museus.pdf\" target=\"_blank\">18 de maio de 2020 &#8211; museus<\/a><\/li>\n\n\n\n<li><a rel=\"noreferrer noopener\" href=\"http:\/\/crid.esecs.ipleiria.pt\/files\/2021\/01\/regras_30_maio_2020.pdf\" data-type=\"URL\" data-id=\"http:\/\/crid.esecs.ipleiria.pt\/files\/2021\/01\/regras_30_maio_2020.pdf\" target=\"_blank\">30 de maio de 2020<\/a><\/li>\n\n\n\n<li><a rel=\"noreferrer noopener\" href=\"http:\/\/crid.esecs.ipleiria.pt\/files\/2021\/01\/regras_1_junho_2020.pdf\" data-type=\"URL\" data-id=\"http:\/\/crid.esecs.ipleiria.pt\/files\/2021\/01\/regras_1_junho_2020.pdf\" target=\"_blank\">1 de junho de 2020<\/a><\/li>\n\n\n\n<li><a href=\"http:\/\/crid.esecs.ipleiria.pt\/files\/2021\/01\/regras_atendimento_publico.pdf\" data-type=\"URL\" data-id=\"http:\/\/crid.esecs.ipleiria.pt\/files\/2021\/01\/regras_atendimento_publico.pdf\" target=\"_blank\" rel=\"noreferrer noopener\">Atendimento ao p\u00fablico<\/a><\/li>\n<\/ul>\n\n\n\n<p class=\"has-white-color has-dark-gray-background-color has-text-color has-background has-link-color has-large-font-size wp-elements-17c0df846b1df405efb2bfab75dbedc7\"><strong>Games For Kids<\/strong><\/p>\n\n\n\n<ul class=\"wp-block-list\">\n<li><a href=\"http:\/\/crid.esecs.ipleiria.pt\/files\/2021\/01\/receita_iogurte.pdf\" data-type=\"URL\" data-id=\"http:\/\/crid.esecs.ipleiria.pt\/files\/2021\/01\/receita_iogurte.pdf\" target=\"_blank\" rel=\"noreferrer noopener\">Receita de iogurte<\/a><\/li>\n\n\n\n<li><a rel=\"noreferrer noopener\" href=\"http:\/\/crid.esecs.ipleiria.pt\/files\/2021\/01\/receita_bolo_simples.pdf\" data-type=\"URL\" data-id=\"http:\/\/crid.esecs.ipleiria.pt\/files\/2021\/01\/receita_bolo_simples.pdf\" target=\"_blank\">Receita de bolo simples<\/a><\/li>\n\n\n\n<li><a rel=\"noreferrer noopener\" href=\"http:\/\/crid.esecs.ipleiria.pt\/files\/2021\/01\/poema_a_bruxa_castanha.pdf\" target=\"_blank\" data-type=\"URL\" data-id=\"http:\/\/crid.esecs.ipleiria.pt\/files\/2021\/01\/poema_a_bruxa_castanha.pdf\">Poema: A bruxa castanha<\/a><\/li>\n\n\n\n<li><a rel=\"noreferrer noopener\" href=\"http:\/\/crid.esecs.ipleiria.pt\/files\/2021\/01\/lengalenga_criada.pdf\" target=\"_blank\" data-type=\"URL\" data-id=\"http:\/\/crid.esecs.ipleiria.pt\/files\/2021\/01\/lengalenga_criada.pdf\">Lengalenga: A criada l\u00e1 de cima<\/a><\/li>\n\n\n\n<li><a rel=\"noreferrer noopener\" href=\"http:\/\/crid.esecs.ipleiria.pt\/files\/2021\/01\/lengalenga_joaninha.pdf\" data-type=\"URL\" data-id=\"http:\/\/crid.esecs.ipleiria.pt\/files\/2021\/01\/lengalenga_joaninha.pdf\" target=\"_blank\">Lengalenga: Joaninha voa, voa<\/a><\/li>\n\n\n\n<li><a rel=\"noreferrer noopener\" href=\"http:\/\/crid.esecs.ipleiria.pt\/files\/2021\/01\/lengalenga_capitao.pdf\" target=\"_blank\" data-type=\"URL\" data-id=\"http:\/\/crid.esecs.ipleiria.pt\/files\/2021\/01\/lengalenga_capitao.pdf\">Lengalenga: Capit\u00e3o<\/a><\/li>\n\n\n\n<li><a rel=\"noreferrer noopener\" href=\"http:\/\/crid.esecs.ipleiria.pt\/files\/2021\/01\/jogo_quantos_queres.pdf\" data-type=\"URL\" data-id=\"http:\/\/crid.esecs.ipleiria.pt\/files\/2021\/01\/jogo_quantos_queres.pdf\" target=\"_blank\">Jogo: Quantos queres?<\/a><\/li>\n\n\n\n<li><a rel=\"noreferrer noopener\" href=\"http:\/\/crid.esecs.ipleiria.pt\/files\/2021\/01\/jogo_criatividade.pdf\" data-type=\"URL\" data-id=\"http:\/\/crid.esecs.ipleiria.pt\/files\/2021\/01\/jogo_criatividade.pdf\" target=\"_blank\">Jogo de criatividade<\/a><\/li>\n\n\n\n<li><a rel=\"noreferrer noopener\" href=\"http:\/\/crid.esecs.ipleiria.pt\/files\/2021\/01\/cancao_tres_pombinhas.pdf\" data-type=\"URL\" data-id=\"http:\/\/crid.esecs.ipleiria.pt\/files\/2021\/01\/cancao_tres_pombinhas.pdf\" target=\"_blank\">Can\u00e7\u00e3o: Tr\u00eas pombinhas<\/a><\/li>\n\n\n\n<li><a rel=\"noreferrer noopener\" href=\"http:\/\/crid.esecs.ipleiria.pt\/files\/2021\/01\/brincadeira_receita_para_espantar_tristeza.pdf\" data-type=\"URL\" data-id=\"http:\/\/crid.esecs.ipleiria.pt\/files\/2021\/01\/brincadeira_receita_para_espantar_tristeza.pdf\" target=\"_blank\">Espantar tristezas<\/a><\/li>\n\n\n\n<li><a href=\"http:\/\/crid.esecs.ipleiria.pt\/files\/2021\/01\/adivinhas.pdf\" data-type=\"URL\" data-id=\"http:\/\/crid.esecs.ipleiria.pt\/files\/2021\/01\/adivinhas.pdf\" target=\"_blank\" rel=\"noreferrer noopener\">Adivinhas v\u00e1rias<\/a><\/li>\n<\/ul>\n\n\n\n<p class=\"has-white-color has-dark-gray-background-color has-text-color has-background has-link-color has-large-font-size wp-elements-fcb07579a1940860fac39dba50340001\"><strong>Center Tourism<\/strong><\/p>\n\n\n\n<p><a href=\"http:\/\/crid.esecs.ipleiria.pt\/files\/2021\/01\/Turismo-centro-mensagem.pdf\" data-type=\"URL\" data-id=\"http:\/\/crid.esecs.ipleiria.pt\/files\/2021\/01\/Turismo-centro-mensagem.pdf\" target=\"_blank\" rel=\"noreferrer noopener\">Mensagem do Turismo do Centro<\/a><\/p>\n\n\n\n<p class=\"has-white-color has-dark-gray-background-color has-text-color has-background has-link-color has-large-font-size wp-elements-cc9b08a900742738eaf2c24aa4445625\"><strong>Ephemeris<\/strong><\/p>\n\n\n\n<ul class=\"wp-block-list\">\n<li><a href=\"http:\/\/crid.esecs.ipleiria.pt\/files\/2021\/01\/25_abril.pdf\" data-type=\"URL\" data-id=\"http:\/\/crid.esecs.ipleiria.pt\/files\/2021\/01\/25_abril.pdf\" target=\"_blank\" rel=\"noreferrer noopener\">25 de abril &#8211; Dia da Liberdade<\/a><\/li>\n\n\n\n<li><a rel=\"noreferrer noopener\" href=\"http:\/\/crid.esecs.ipleiria.pt\/files\/2021\/01\/29_abril_dia_mundial_danca.pdf\" data-type=\"URL\" data-id=\"http:\/\/crid.esecs.ipleiria.pt\/files\/2021\/01\/29_abril_dia_mundial_danca.pdf\" target=\"_blank\">29 de abril &#8211; Dia Mundial da Dan\u00e7a<\/a><\/li>\n\n\n\n<li><a href=\"http:\/\/crid.esecs.ipleiria.pt\/files\/2021\/01\/1_maio_dia_do_trabalhador.pdf\" data-type=\"URL\" data-id=\"http:\/\/crid.esecs.ipleiria.pt\/files\/2021\/01\/1_maio_dia_do_trabalhador.pdf\" target=\"_blank\" rel=\"noreferrer noopener\">1 de maio &#8211; Dia do Trabalhador<\/a><\/li>\n\n\n\n<li><a rel=\"noreferrer noopener\" href=\"http:\/\/crid.esecs.ipleiria.pt\/files\/2021\/01\/3_maio_2020_dia_mae.pdf\" data-type=\"URL\" data-id=\"http:\/\/crid.esecs.ipleiria.pt\/files\/2021\/01\/3_maio_2020_dia_mae.pdf\" target=\"_blank\">3 de maio &#8211; Dia da M\u00e3e<\/a><\/li>\n\n\n\n<li><a href=\"http:\/\/crid.esecs.ipleiria.pt\/files\/2021\/01\/5_maio_dia_mundial_lingua_portuguesa.pdf\" data-type=\"URL\" data-id=\"http:\/\/crid.esecs.ipleiria.pt\/files\/2021\/01\/5_maio_dia_mundial_lingua_portuguesa.pdf\" target=\"_blank\" rel=\"noreferrer noopener\">5 de maio &#8211; Dia Mundial da L\u00edngua Portuguesa<\/a><\/li>\n<\/ul>\n","protected":false},"excerpt":{"rendered":"<p>&#8220;COVID-19 is the designation given by the World Health Organization to identify the disease caused by the new coronavirus SARS-CoV-2. This new coronavirus was first identified in December 2019 in [&hellip;]<\/p>\n","protected":false},"author":5915,"featured_media":0,"parent":0,"menu_order":0,"comment_status":"closed","ping_status":"closed","template":"","meta":{"ngg_post_thumbnail":0,"footnotes":""},"class_list":["post-4310","page","type-page","status-publish","hentry"],"_links":{"self":[{"href":"https:\/\/crid.esecs.ipleiria.pt\/en\/wp-json\/wp\/v2\/pages\/4310","targetHints":{"allow":["GET"]}}],"collection":[{"href":"https:\/\/crid.esecs.ipleiria.pt\/en\/wp-json\/wp\/v2\/pages"}],"about":[{"href":"https:\/\/crid.esecs.ipleiria.pt\/en\/wp-json\/wp\/v2\/types\/page"}],"author":[{"embeddable":true,"href":"https:\/\/crid.esecs.ipleiria.pt\/en\/wp-json\/wp\/v2\/users\/5915"}],"replies":[{"embeddable":true,"href":"https:\/\/crid.esecs.ipleiria.pt\/en\/wp-json\/wp\/v2\/comments?post=4310"}],"version-history":[{"count":6,"href":"https:\/\/crid.esecs.ipleiria.pt\/en\/wp-json\/wp\/v2\/pages\/4310\/revisions"}],"predecessor-version":[{"id":4413,"href":"https:\/\/crid.esecs.ipleiria.pt\/en\/wp-json\/wp\/v2\/pages\/4310\/revisions\/4413"}],"wp:attachment":[{"href":"https:\/\/crid.esecs.ipleiria.pt\/en\/wp-json\/wp\/v2\/media?parent=4310"}],"curies":[{"name":"wp","href":"https:\/\/api.w.org\/{rel}","templated":true}]}}

<p class="has-large-font-size">&#8220;COVID-19 is the designation given by the World Health Organization to identify the disease caused by the new coronavirus SARS-CoV-2. This new coronavirus was first identified in December 2019 in China, in the city of Wuhan. The initial cases of the COVID-19 disease were linked to a market in Wuhan (Wuhan&#8217;s Huanan Seafood Wholesale Market). The market was closed on January 1, 2020, but the disease progressed, triggering a worldwide epidemic or pandemic.&#8221;</p>



<p class="has-large-font-size">Source: Ministry of Health</p>



<p class="has-large-font-size">If you have doubts, clarify them <a href="https://covid19.min-saude.pt/perguntas-frequentes/" data-type="URL" data-id="https://covid19.min-saude.pt/perguntas-frequentes/" target="_blank" rel="noreferrer noopener">aqui</a>.</p>



<p class="has-large-font-size">CRID has developed several messages using the Pictographic System for Communication (SPC), a type of communication that helps people with intellectual disabilities or other types of limitations, namely low literacy. These messages are available below:</p>



<p class="has-white-color has-dark-gray-background-color has-text-color has-background has-link-color has-large-font-size wp-elements-a3624c1a82af4e76305756bd6071a2ff"><strong>Communication Table</strong></p>



<p><a href="http://crid.esecs.ipleiria.pt/files/2021/06/quadro_medico.pdf" data-type="URL" data-id="http://crid.esecs.ipleiria.pt/files/2021/06/quadro_medico.pdf" target="_blank" rel="noreferrer noopener">Comunicação não verbal &#8211; Quadro Médico</a></p>



<p class="has-white-color has-dark-gray-background-color has-text-color has-background has-link-color has-large-font-size wp-elements-806973d3d0e72c537b01eac70ea8a31e"><strong>Rules</strong></p>



<ul class="wp-block-list">
<li><a href="http://crid.esecs.ipleiria.pt/files/2021/01/aaa_regras_basicas.pdf" data-type="URL" data-id="http://crid.esecs.ipleiria.pt/files/2021/01/aaa_regras_basicas.pdf" target="_blank" rel="noreferrer noopener">Regras básicas de higiene</a></li>



<li><a rel="noreferrer noopener" href="http://crid.esecs.ipleiria.pt/files/2021/01/aaa_como_lavar_maos.pdf" data-type="URL" data-id="http://crid.esecs.ipleiria.pt/files/2021/01/aaa_como_lavar_maos.pdf" target="_blank">Como lavar as mãos?</a></li>



<li><a rel="noreferrer noopener" href="http://crid.esecs.ipleiria.pt/files/2021/01/aaa_uso_mascara.pdf" data-type="URL" data-id="http://crid.esecs.ipleiria.pt/files/2021/01/aaa_uso_mascara.pdf" target="_blank">Como usar a máscara?</a></li>



<li><a href="http://crid.esecs.ipleiria.pt/files/2021/01/aaa_dispensa_mascara.pdf" data-type="URL" data-id="http://crid.esecs.ipleiria.pt/files/2021/01/aaa_dispensa_mascara.pdf" target="_blank" rel="noreferrer noopener">Quem está dispensado do uso da máscara?</a></li>
</ul>



<p class="has-white-color has-dark-gray-background-color has-text-color has-background has-link-color has-large-font-size wp-elements-9850f9aed04e537b91878e2c869c1c5d"><strong>Chronological Rules</strong></p>



<ul class="wp-block-list">
<li><a href="http://crid.esecs.ipleiria.pt/files/2021/01/regras_4_maio_2020.pdf" data-type="URL" data-id="http://crid.esecs.ipleiria.pt/files/2021/01/regras_4_maio_2020.pdf" target="_blank" rel="noreferrer noopener">4 de maio de 2020</a></li>



<li><a href="http://crid.esecs.ipleiria.pt/files/2021/01/4_maio_cabeleireiros.pdf" data-type="URL" data-id="http://crid.esecs.ipleiria.pt/files/2021/01/4_maio_cabeleireiros.pdf" target="_blank" rel="noreferrer noopener">4 de maio de 2020 &#8211; cabeleireiros</a></li>



<li><a rel="noreferrer noopener" href="http://crid.esecs.ipleiria.pt/files/2021/01/regras_18_maio_2020.pdf" data-type="URL" data-id="http://crid.esecs.ipleiria.pt/files/2021/01/regras_18_maio_2020.pdf" target="_blank">18 de maio de 2020</a></li>



<li><a rel="noreferrer noopener" href="http://crid.esecs.ipleiria.pt/files/2021/01/18_maio_visita_museus.pdf" data-type="URL" data-id="http://crid.esecs.ipleiria.pt/files/2021/01/18_maio_visita_museus.pdf" target="_blank">18 de maio de 2020 &#8211; museus</a></li>



<li><a rel="noreferrer noopener" href="http://crid.esecs.ipleiria.pt/files/2021/01/regras_30_maio_2020.pdf" data-type="URL" data-id="http://crid.esecs.ipleiria.pt/files/2021/01/regras_30_maio_2020.pdf" target="_blank">30 de maio de 2020</a></li>



<li><a rel="noreferrer noopener" href="http://crid.esecs.ipleiria.pt/files/2021/01/regras_1_junho_2020.pdf" data-type="URL" data-id="http://crid.esecs.ipleiria.pt/files/2021/01/regras_1_junho_2020.pdf" target="_blank">1 de junho de 2020</a></li>



<li><a href="http://crid.esecs.ipleiria.pt/files/2021/01/regras_atendimento_publico.pdf" data-type="URL" data-id="http://crid.esecs.ipleiria.pt/files/2021/01/regras_atendimento_publico.pdf" target="_blank" rel="noreferrer noopener">Atendimento ao público</a></li>
</ul>



<p class="has-white-color has-dark-gray-background-color has-text-color has-background has-link-color has-large-font-size wp-elements-17c0df846b1df405efb2bfab75dbedc7"><strong>Games For Kids</strong></p>



<ul class="wp-block-list">
<li><a href="http://crid.esecs.ipleiria.pt/files/2021/01/receita_iogurte.pdf" data-type="URL" data-id="http://crid.esecs.ipleiria.pt/files/2021/01/receita_iogurte.pdf" target="_blank" rel="noreferrer noopener">Receita de iogurte</a></li>



<li><a rel="noreferrer noopener" href="http://crid.esecs.ipleiria.pt/files/2021/01/receita_bolo_simples.pdf" data-type="URL" data-id="http://crid.esecs.ipleiria.pt/files/2021/01/receita_bolo_simples.pdf" target="_blank">Receita de bolo simples</a></li>



<li><a rel="noreferrer noopener" href="http://crid.esecs.ipleiria.pt/files/2021/01/poema_a_bruxa_castanha.pdf" target="_blank" data-type="URL" data-id="http://crid.esecs.ipleiria.pt/files/2021/01/poema_a_bruxa_castanha.pdf">Poema: A bruxa castanha</a></li>



<li><a rel="noreferrer noopener" href="http://crid.esecs.ipleiria.pt/files/2021/01/lengalenga_criada.pdf" target="_blank" data-type="URL" data-id="http://crid.esecs.ipleiria.pt/files/2021/01/lengalenga_criada.pdf">Lengalenga: A criada lá de cima</a></li>



<li><a rel="noreferrer noopener" href="http://crid.esecs.ipleiria.pt/files/2021/01/lengalenga_joaninha.pdf" data-type="URL" data-id="http://crid.esecs.ipleiria.pt/files/2021/01/lengalenga_joaninha.pdf" target="_blank">Lengalenga: Joaninha voa, voa</a></li>



<li><a rel="noreferrer noopener" href="http://crid.esecs.ipleiria.pt/files/2021/01/lengalenga_capitao.pdf" target="_blank" data-type="URL" data-id="http://crid.esecs.ipleiria.pt/files/2021/01/lengalenga_capitao.pdf">Lengalenga: Capitão</a></li>



<li><a rel="noreferrer noopener" href="http://crid.esecs.ipleiria.pt/files/2021/01/jogo_quantos_queres.pdf" data-type="URL" data-id="http://crid.esecs.ipleiria.pt/files/2021/01/jogo_quantos_queres.pdf" target="_blank">Jogo: Quantos queres?</a></li>



<li><a rel="noreferrer noopener" href="http://crid.esecs.ipleiria.pt/files/2021/01/jogo_criatividade.pdf" data-type="URL" data-id="http://crid.esecs.ipleiria.pt/files/2021/01/jogo_criatividade.pdf" target="_blank">Jogo de criatividade</a></li>



<li><a rel="noreferrer noopener" href="http://crid.esecs.ipleiria.pt/files/2021/01/cancao_tres_pombinhas.pdf" data-type="URL" data-id="http://crid.esecs.ipleiria.pt/files/2021/01/cancao_tres_pombinhas.pdf" target="_blank">Canção: Três pombinhas</a></li>



<li><a rel="noreferrer noopener" href="http://crid.esecs.ipleiria.pt/files/2021/01/brincadeira_receita_para_espantar_tristeza.pdf" data-type="URL" data-id="http://crid.esecs.ipleiria.pt/files/2021/01/brincadeira_receita_para_espantar_tristeza.pdf" target="_blank">Espantar tristezas</a></li>



<li><a href="http://crid.esecs.ipleiria.pt/files/2021/01/adivinhas.pdf" data-type="URL" data-id="http://crid.esecs.ipleiria.pt/files/2021/01/adivinhas.pdf" target="_blank" rel="noreferrer noopener">Adivinhas várias</a></li>
</ul>



<p class="has-white-color has-dark-gray-background-color has-text-color has-background has-link-color has-large-font-size wp-elements-fcb07579a1940860fac39dba50340001"><strong>Center Tourism</strong></p>



<p><a href="http://crid.esecs.ipleiria.pt/files/2021/01/Turismo-centro-mensagem.pdf" data-type="URL" data-id="http://crid.esecs.ipleiria.pt/files/2021/01/Turismo-centro-mensagem.pdf" target="_blank" rel="noreferrer noopener">Mensagem do Turismo do Centro</a></p>



<p class="has-white-color has-dark-gray-background-color has-text-color has-background has-link-color has-large-font-size wp-elements-cc9b08a900742738eaf2c24aa4445625"><strong>Ephemeris</strong></p>



<ul class="wp-block-list">
<li><a href="http://crid.esecs.ipleiria.pt/files/2021/01/25_abril.pdf" data-type="URL" data-id="http://crid.esecs.ipleiria.pt/files/2021/01/25_abril.pdf" target="_blank" rel="noreferrer noopener">25 de abril &#8211; Dia da Liberdade</a></li>



<li><a rel="noreferrer noopener" href="http://crid.esecs.ipleiria.pt/files/2021/01/29_abril_dia_mundial_danca.pdf" data-type="URL" data-id="http://crid.esecs.ipleiria.pt/files/2021/01/29_abril_dia_mundial_danca.pdf" target="_blank">29 de abril &#8211; Dia Mundial da Dança</a></li>



<li><a href="http://crid.esecs.ipleiria.pt/files/2021/01/1_maio_dia_do_trabalhador.pdf" data-type="URL" data-id="http://crid.esecs.ipleiria.pt/files/2021/01/1_maio_dia_do_trabalhador.pdf" target="_blank" rel="noreferrer noopener">1 de maio &#8211; Dia do Trabalhador</a></li>



<li><a rel="noreferrer noopener" href="http://crid.esecs.ipleiria.pt/files/2021/01/3_maio_2020_dia_mae.pdf" data-type="URL" data-id="http://crid.esecs.ipleiria.pt/files/2021/01/3_maio_2020_dia_mae.pdf" target="_blank">3 de maio &#8211; Dia da Mãe</a></li>



<li><a href="http://crid.esecs.ipleiria.pt/files/2021/01/5_maio_dia_mundial_lingua_portuguesa.pdf" data-type="URL" data-id="http://crid.esecs.ipleiria.pt/files/2021/01/5_maio_dia_mundial_lingua_portuguesa.pdf" target="_blank" rel="noreferrer noopener">5 de maio &#8211; Dia Mundial da Língua Portuguesa</a></li>
</ul>
