{"id":4324,"date":"2024-12-23T17:36:28","date_gmt":"2024-12-23T17:36:28","guid":{"rendered":"https:\/\/crid.esecs.ipleiria.pt\/?page_id=4324"},"modified":"2024-12-25T16:17:04","modified_gmt":"2024-12-25T16:17:04","slug":"sensebook-2","status":"publish","type":"page","link":"https:\/\/crid.esecs.ipleiria.pt\/en\/sensebook-2\/","title":{"rendered":"Sensebook"},"content":{"rendered":"\n<figure class=\"wp-block-image alignfull\"><img loading=\"lazy\" decoding=\"async\" width=\"1024\" height=\"576\" src=\"http:\/\/crid.esecs.ipleiria.pt\/files\/2019\/06\/SB-wide-1024x576.jpg\" alt=\"\" class=\"wp-image-2817\" srcset=\"https:\/\/crid.esecs.ipleiria.pt\/files\/2019\/06\/SB-wide-1024x576.jpg 1024w, https:\/\/crid.esecs.ipleiria.pt\/files\/2019\/06\/SB-wide-300x169.jpg 300w, https:\/\/crid.esecs.ipleiria.pt\/files\/2019\/06\/SB-wide-768x432.jpg 768w, https:\/\/crid.esecs.ipleiria.pt\/files\/2019\/06\/SB-wide-816x459.jpg 816w, https:\/\/crid.esecs.ipleiria.pt\/files\/2019\/06\/SB-wide.jpg 1280w\" sizes=\"auto, (max-width: 1024px) 100vw, 1024px\" \/><\/figure>\n\n\n\n<p class=\"has-large-font-size\">This project&#8217;s mission is to contribute to the equality of people with disabilities and promotes the development of the human potential of the students and teachers involved. SENSeBOOK, in partnership with Universidade Feevale de Rio Grande do Sul, in Brazil, and the Universidade Lus\u00edada de Lisboa, is materialized in the creation of \u201ckits\u201d of multiformat books, for multisensory reading with diverse applications. It is financed by the \u201cPrograma de Desenvolvimento Acad\u00e9mico Abdias Nascimento\u201d, selection notice for joint research projects between Brazilian and foreign institutions with \u201cgradua\u00e7\u00e3o sandu\u00edche\u201d and \u201cdouturamento sandu\u00edche\u201d modalities, SECADI\/CAPES notice no. 02\/2024, which allows the exchange of knowledge between institutions.<\/p>\n\n\n\n<p class=\"has-large-font-size\">The initiative is led by professor Doctor C\u00e9lia Sousa, coordinator of the Centro de Recursos para a Inclus\u00e3o Digital (CRID) at Polit\u00e9cnico de Leiria, professor Doctor Regina Heidrich, from the P\u00f3s-Gradua\u00e7\u00e3o em Diversidade Cultural e Inclus\u00e3o Social program, at Universidade Feevale and by professor Doctor Paulo Jorge Maldonado Carvalho Ara\u00fajo, from the Fcauldade de Artquitetura e Artes, of Universidade Lus\u00edada de Lisboa.<\/p>\n","protected":false},"excerpt":{"rendered":"<p>This project&#8217;s mission is to contribute to the equality of people with disabilities and promotes the development of the human potential of the students and teachers involved. SENSeBOOK, in partnership [&hellip;]<\/p>\n","protected":false},"author":5915,"featured_media":0,"parent":0,"menu_order":0,"comment_status":"closed","ping_status":"closed","template":"","meta":{"ngg_post_thumbnail":0,"footnotes":""},"class_list":["post-4324","page","type-page","status-publish","hentry"],"_links":{"self":[{"href":"https:\/\/crid.esecs.ipleiria.pt\/en\/wp-json\/wp\/v2\/pages\/4324","targetHints":{"allow":["GET"]}}],"collection":[{"href":"https:\/\/crid.esecs.ipleiria.pt\/en\/wp-json\/wp\/v2\/pages"}],"about":[{"href":"https:\/\/crid.esecs.ipleiria.pt\/en\/wp-json\/wp\/v2\/types\/page"}],"author":[{"embeddable":true,"href":"https:\/\/crid.esecs.ipleiria.pt\/en\/wp-json\/wp\/v2\/users\/5915"}],"replies":[{"embeddable":true,"href":"https:\/\/crid.esecs.ipleiria.pt\/en\/wp-json\/wp\/v2\/comments?post=4324"}],"version-history":[{"count":3,"href":"https:\/\/crid.esecs.ipleiria.pt\/en\/wp-json\/wp\/v2\/pages\/4324\/revisions"}],"predecessor-version":[{"id":4390,"href":"https:\/\/crid.esecs.ipleiria.pt\/en\/wp-json\/wp\/v2\/pages\/4324\/revisions\/4390"}],"wp:attachment":[{"href":"https:\/\/crid.esecs.ipleiria.pt\/en\/wp-json\/wp\/v2\/media?parent=4324"}],"curies":[{"name":"wp","href":"https:\/\/api.w.org\/{rel}","templated":true}]}}

<figure class="wp-block-image alignfull"><img loading="lazy" decoding="async" width="1024" height="576" src="http://crid.esecs.ipleiria.pt/files/2019/06/SB-wide-1024x576.jpg" alt="" class="wp-image-2817" srcset="https://crid.esecs.ipleiria.pt/files/2019/06/SB-wide-1024x576.jpg 1024w, https://crid.esecs.ipleiria.pt/files/2019/06/SB-wide-300x169.jpg 300w, https://crid.esecs.ipleiria.pt/files/2019/06/SB-wide-768x432.jpg 768w, https://crid.esecs.ipleiria.pt/files/2019/06/SB-wide-816x459.jpg 816w, https://crid.esecs.ipleiria.pt/files/2019/06/SB-wide.jpg 1280w" sizes="auto, (max-width: 1024px) 100vw, 1024px" /></figure>



<p class="has-large-font-size">This project&#8217;s mission is to contribute to the equality of people with disabilities and promotes the development of the human potential of the students and teachers involved. SENSeBOOK, in partnership with Universidade Feevale de Rio Grande do Sul, in Brazil, and the Universidade Lusíada de Lisboa, is materialized in the creation of “kits” of multiformat books, for multisensory reading with diverse applications. It is financed by the “Programa de Desenvolvimento Académico Abdias Nascimento”, selection notice for joint research projects between Brazilian and foreign institutions with “graduação sanduíche” and “douturamento sanduíche” modalities, SECADI/CAPES notice no. 02/2024, which allows the exchange of knowledge between institutions.</p>



<p class="has-large-font-size">The initiative is led by professor Doctor Célia Sousa, coordinator of the Centro de Recursos para a Inclusão Digital (CRID) at Politécnico de Leiria, professor Doctor Regina Heidrich, from the Pós-Graduação em Diversidade Cultural e Inclusão Social program, at Universidade Feevale and by professor Doctor Paulo Jorge Maldonado Carvalho Araújo, from the Fcauldade de Artquitetura e Artes, of Universidade Lusíada de Lisboa.</p>
