{"id":4482,"date":"2024-12-28T19:15:49","date_gmt":"2024-12-28T19:15:49","guid":{"rendered":"https:\/\/crid.esecs.ipleiria.pt\/?page_id=4482"},"modified":"2024-12-28T19:48:56","modified_gmt":"2024-12-28T19:48:56","slug":"legislation-2","status":"publish","type":"page","link":"https:\/\/crid.esecs.ipleiria.pt\/en\/legislation-2\/","title":{"rendered":"Legislation"},"content":{"rendered":"\n<div class=\"wp-block-file\"><a id=\"wp-block-file--media-1b680e74-4667-470a-8bc7-6838a6131794\" href=\"http:\/\/crid.esecs.ipleiria.pt\/files\/2019\/06\/CONVEN\u00c7\u00c3O-SOBRE-OS-DIREITOS-DAS-PESSOAS-COM-DEFICI\u00caNCIA.pdf\">Convention on the Rights of Persons with Disabilities<\/a><a href=\"http:\/\/crid.esecs.ipleiria.pt\/files\/2019\/06\/CONVEN\u00c7\u00c3O-SOBRE-OS-DIREITOS-DAS-PESSOAS-COM-DEFICI\u00caNCIA.pdf\" class=\"wp-block-file__button wp-element-button\" download aria-describedby=\"wp-block-file--media-1b680e74-4667-470a-8bc7-6838a6131794\">Descarregar<\/a><\/div>\n\n\n\n<p class=\"has-regular-font-size\"><a aria-label=\"Conven\u00e7\u00e3o sobre os Direitos das Pessoas com Defici\u00eancia em L\u00edngua Gestual Portuguesa (abre num novo separador)\" href=\"http:\/\/cdhps.fpasurdos.pt\/index.php?id=20\" target=\"_blank\" rel=\"noreferrer noopener\">Conven\u00e7\u00e3o sobre os Direitos das Pessoas com Defici\u00eancia em L\u00edngua Gestual Portuguesa<\/a> \/ Convention on the Rights of Persons with Disabilities in Portuguese Sign Language<\/p>\n\n\n\n<div class=\"wp-block-file\"><a id=\"wp-block-file--media-5ccb03da-3ca7-464a-a3b1-341af5c0b985\" href=\"http:\/\/crid.esecs.ipleiria.pt\/files\/2019\/06\/N63_Sistema_Atribuicao_Produtos_Apoio_SAPA.pdf\">Support Product Allocation System (SAPA)<\/a><a href=\"http:\/\/crid.esecs.ipleiria.pt\/files\/2019\/06\/N63_Sistema_Atribuicao_Produtos_Apoio_SAPA.pdf\" class=\"wp-block-file__button wp-element-button\" download aria-describedby=\"wp-block-file--media-5ccb03da-3ca7-464a-a3b1-341af5c0b985\">Descarregar<\/a><\/div>\n\n\n\n<div class=\"wp-block-file\"><a id=\"wp-block-file--media-39d6e83d-e1a5-444b-a0af-8e7c1d057287\" href=\"http:\/\/crid.esecs.ipleiria.pt\/files\/2019\/06\/Guia-Acessibilidade-e-mobilidade-para-todos.pdf\">Guide &#8211; Accessibility and mobility for everyone<\/a><a href=\"http:\/\/crid.esecs.ipleiria.pt\/files\/2019\/06\/Guia-Acessibilidade-e-mobilidade-para-todos.pdf\" class=\"wp-block-file__button wp-element-button\" download aria-describedby=\"wp-block-file--media-39d6e83d-e1a5-444b-a0af-8e7c1d057287\">Descarregar<\/a><\/div>\n\n\n\n<div class=\"wp-block-file\"><a id=\"wp-block-file--media-680486ff-3e8d-4843-b96e-756a4c4b61e0\" href=\"http:\/\/crid.esecs.ipleiria.pt\/files\/2019\/06\/Define-os-requisitos-de-acessibilidade-dos-s\u00edtios-web-e-das-aplica\u00e7\u00f5es-m\u00f3veis-de-organismos-p\u00fablicos-transpondo-a-Diretiva_UE_2016_2102.pdf\">Defines accessibility requirements for websites and mobile applications of public bodies transposing EU Directive 2016_2102<\/a><a href=\"http:\/\/crid.esecs.ipleiria.pt\/files\/2019\/06\/Define-os-requisitos-de-acessibilidade-dos-s\u00edtios-web-e-das-aplica\u00e7\u00f5es-m\u00f3veis-de-organismos-p\u00fablicos-transpondo-a-Diretiva_UE_2016_2102.pdf\" class=\"wp-block-file__button wp-element-button\" download aria-describedby=\"wp-block-file--media-680486ff-3e8d-4843-b96e-756a4c4b61e0\">Descarregar<\/a><\/div>\n\n\n\n<div class=\"wp-block-file\"><a id=\"wp-block-file--media-008d8c7a-4ed1-4674-99de-c4075cdbfb4b\" href=\"http:\/\/crid.esecs.ipleiria.pt\/files\/2019\/06\/Altera-o-regime-da-acessibilidade-aos-edif\u00edcios-e-estabelecimentos-que-recebem-p\u00fablico-via-p\u00fablica-e-edif\u00edcios-habitacionais.pdf\">Changes the accessibility regime for buildings and establishments that receive public via public roads and residential buildings<\/a><a href=\"http:\/\/crid.esecs.ipleiria.pt\/files\/2019\/06\/Altera-o-regime-da-acessibilidade-aos-edif\u00edcios-e-estabelecimentos-que-recebem-p\u00fablico-via-p\u00fablica-e-edif\u00edcios-habitacionais.pdf\" class=\"wp-block-file__button wp-element-button\" download aria-describedby=\"wp-block-file--media-008d8c7a-4ed1-4674-99de-c4075cdbfb4b\">Descarregar<\/a><\/div>\n\n\n\n<div class=\"wp-block-file\"><a id=\"wp-block-file--media-8f56744c-4234-4857-ba18-43c75f8b88a2\" href=\"http:\/\/crid.esecs.ipleiria.pt\/files\/2019\/06\/Institui-o-programa-Modelo-de-Apoio-\u00e0-Vida-Independente.pdf\">Establishes the Independent Living Support Model program<\/a><a href=\"http:\/\/crid.esecs.ipleiria.pt\/files\/2019\/06\/Institui-o-programa-Modelo-de-Apoio-\u00e0-Vida-Independente.pdf\" class=\"wp-block-file__button wp-element-button\" download aria-describedby=\"wp-block-file--media-8f56744c-4234-4857-ba18-43c75f8b88a2\">Descarregar<\/a><\/div>\n\n\n\n<div class=\"wp-block-file\"><a id=\"wp-block-file--media-ea655257-2e7b-4cdc-be14-db80a61a77a5\" href=\"http:\/\/crid.esecs.ipleiria.pt\/files\/2019\/06\/Regulamento-de-Avalia\u00e7\u00e3o-Funcional-da-Defici\u00eancia-para-Prioridade-no-Acesso-e-Ingresso-nos-Cursos-T\u00e9cnicos-Superiores-Profissionais-do-Instituto-Polit\u00e9cnico-de-Leiria.pdf\">Regulation of Functional Assessment of Disability for Priority in Access and Entry into Higher Professional Technical Courses at the Polytechnic Institute of Leiria<\/a><a href=\"http:\/\/crid.esecs.ipleiria.pt\/files\/2019\/06\/Regulamento-de-Avalia\u00e7\u00e3o-Funcional-da-Defici\u00eancia-para-Prioridade-no-Acesso-e-Ingresso-nos-Cursos-T\u00e9cnicos-Superiores-Profissionais-do-Instituto-Polit\u00e9cnico-de-Leiria.pdf\" class=\"wp-block-file__button wp-element-button\" download aria-describedby=\"wp-block-file--media-ea655257-2e7b-4cdc-be14-db80a61a77a5\">Descarregar<\/a><\/div>\n\n\n\n<div class=\"wp-block-file\"><a id=\"wp-block-file--media-b14e983b-3876-4ffe-8c21-88a2be380560\" href=\"http:\/\/crid.esecs.ipleiria.pt\/files\/2019\/06\/decreto_lei_54_2018.pdf\">Decree-Law No. 54\/2018<\/a><a href=\"http:\/\/crid.esecs.ipleiria.pt\/files\/2019\/06\/decreto_lei_54_2018.pdf\" class=\"wp-block-file__button wp-element-button\" download aria-describedby=\"wp-block-file--media-b14e983b-3876-4ffe-8c21-88a2be380560\">Descarregar<\/a><\/div>\n\n\n\n<div class=\"wp-block-file\"><a id=\"wp-block-file--media-16de02ab-c1b5-493c-bf57-e088a31d9866\" href=\"http:\/\/crid.esecs.ipleiria.pt\/files\/2019\/06\/Altera\u00e7\u00e3o-ao-decreto-lei-54-2018.pdf\">Amendment to Decree-Law No. 54\/2018<\/a><a href=\"http:\/\/crid.esecs.ipleiria.pt\/files\/2019\/06\/Altera\u00e7\u00e3o-ao-decreto-lei-54-2018.pdf\" class=\"wp-block-file__button wp-element-button\" download aria-describedby=\"wp-block-file--media-16de02ab-c1b5-493c-bf57-e088a31d9866\">Descarregar<\/a><\/div>\n\n\n\n<div class=\"wp-block-file\"><a id=\"wp-block-file--media-34397750-a9ec-4628-a584-d3026d08e22b\" href=\"http:\/\/crid.esecs.ipleiria.pt\/files\/2019\/06\/faq_-_dl_54_-_versao_4.pdf\">FAQ Decree-Law No. 54\/2018<\/a><a href=\"http:\/\/crid.esecs.ipleiria.pt\/files\/2019\/06\/faq_-_dl_54_-_versao_4.pdf\" class=\"wp-block-file__button wp-element-button\" download aria-describedby=\"wp-block-file--media-34397750-a9ec-4628-a584-d3026d08e22b\">Descarregar<\/a><\/div>\n\n\n\n<div class=\"wp-block-file\"><a id=\"wp-block-file--media-5e779d04-b1a5-4ed8-8832-9d8d834fd8e9\" href=\"http:\/\/crid.esecs.ipleiria.pt\/files\/2019\/06\/manual_de_apoio_a_pratica.pdf\">Practice support manual<\/a><a href=\"http:\/\/crid.esecs.ipleiria.pt\/files\/2019\/06\/manual_de_apoio_a_pratica.pdf\" class=\"wp-block-file__button wp-element-button\" download aria-describedby=\"wp-block-file--media-5e779d04-b1a5-4ed8-8832-9d8d834fd8e9\">Descarregar<\/a><\/div>\n\n\n\n<div class=\"wp-block-file\"><a id=\"wp-block-file--media-476399b2-c0a0-4c57-b2f1-9a421a694511\" href=\"http:\/\/crid.esecs.ipleiria.pt\/files\/2019\/06\/decreto_lei_55_2018.pdf\">Decree-Law No. 55\/2018<\/a><a href=\"http:\/\/crid.esecs.ipleiria.pt\/files\/2019\/06\/decreto_lei_55_2018.pdf\" class=\"wp-block-file__button wp-element-button\" download aria-describedby=\"wp-block-file--media-476399b2-c0a0-4c57-b2f1-9a421a694511\">Descarregar<\/a><\/div>\n","protected":false},"excerpt":{"rendered":"<p>Conven\u00e7\u00e3o sobre os Direitos das Pessoas com Defici\u00eancia em L\u00edngua Gestual Portuguesa \/ Convention on the Rights of Persons with Disabilities in Portuguese Sign Language<\/p>\n","protected":false},"author":5915,"featured_media":0,"parent":0,"menu_order":0,"comment_status":"closed","ping_status":"closed","template":"","meta":{"ngg_post_thumbnail":0,"footnotes":""},"class_list":["post-4482","page","type-page","status-publish","hentry"],"_links":{"self":[{"href":"https:\/\/crid.esecs.ipleiria.pt\/en\/wp-json\/wp\/v2\/pages\/4482","targetHints":{"allow":["GET"]}}],"collection":[{"href":"https:\/\/crid.esecs.ipleiria.pt\/en\/wp-json\/wp\/v2\/pages"}],"about":[{"href":"https:\/\/crid.esecs.ipleiria.pt\/en\/wp-json\/wp\/v2\/types\/page"}],"author":[{"embeddable":true,"href":"https:\/\/crid.esecs.ipleiria.pt\/en\/wp-json\/wp\/v2\/users\/5915"}],"replies":[{"embeddable":true,"href":"https:\/\/crid.esecs.ipleiria.pt\/en\/wp-json\/wp\/v2\/comments?post=4482"}],"version-history":[{"count":5,"href":"https:\/\/crid.esecs.ipleiria.pt\/en\/wp-json\/wp\/v2\/pages\/4482\/revisions"}],"predecessor-version":[{"id":4508,"href":"https:\/\/crid.esecs.ipleiria.pt\/en\/wp-json\/wp\/v2\/pages\/4482\/revisions\/4508"}],"wp:attachment":[{"href":"https:\/\/crid.esecs.ipleiria.pt\/en\/wp-json\/wp\/v2\/media?parent=4482"}],"curies":[{"name":"wp","href":"https:\/\/api.w.org\/{rel}","templated":true}]}}

<div class="wp-block-file"><a id="wp-block-file--media-1b680e74-4667-470a-8bc7-6838a6131794" href="http://crid.esecs.ipleiria.pt/files/2019/06/CONVENÇÃO-SOBRE-OS-DIREITOS-DAS-PESSOAS-COM-DEFICIÊNCIA.pdf">Convention on the Rights of Persons with Disabilities</a><a href="http://crid.esecs.ipleiria.pt/files/2019/06/CONVENÇÃO-SOBRE-OS-DIREITOS-DAS-PESSOAS-COM-DEFICIÊNCIA.pdf" class="wp-block-file__button wp-element-button" download aria-describedby="wp-block-file--media-1b680e74-4667-470a-8bc7-6838a6131794">Descarregar</a></div>



<p class="has-regular-font-size"><a aria-label="Convenção sobre os Direitos das Pessoas com Deficiência em Língua Gestual Portuguesa (abre num novo separador)" href="http://cdhps.fpasurdos.pt/index.php?id=20" target="_blank" rel="noreferrer noopener">Convenção sobre os Direitos das Pessoas com Deficiência em Língua Gestual Portuguesa</a> / Convention on the Rights of Persons with Disabilities in Portuguese Sign Language</p>



<div class="wp-block-file"><a id="wp-block-file--media-5ccb03da-3ca7-464a-a3b1-341af5c0b985" href="http://crid.esecs.ipleiria.pt/files/2019/06/N63_Sistema_Atribuicao_Produtos_Apoio_SAPA.pdf">Support Product Allocation System (SAPA)</a><a href="http://crid.esecs.ipleiria.pt/files/2019/06/N63_Sistema_Atribuicao_Produtos_Apoio_SAPA.pdf" class="wp-block-file__button wp-element-button" download aria-describedby="wp-block-file--media-5ccb03da-3ca7-464a-a3b1-341af5c0b985">Descarregar</a></div>



<div class="wp-block-file"><a id="wp-block-file--media-39d6e83d-e1a5-444b-a0af-8e7c1d057287" href="http://crid.esecs.ipleiria.pt/files/2019/06/Guia-Acessibilidade-e-mobilidade-para-todos.pdf">Guide &#8211; Accessibility and mobility for everyone</a><a href="http://crid.esecs.ipleiria.pt/files/2019/06/Guia-Acessibilidade-e-mobilidade-para-todos.pdf" class="wp-block-file__button wp-element-button" download aria-describedby="wp-block-file--media-39d6e83d-e1a5-444b-a0af-8e7c1d057287">Descarregar</a></div>



<div class="wp-block-file"><a id="wp-block-file--media-680486ff-3e8d-4843-b96e-756a4c4b61e0" href="http://crid.esecs.ipleiria.pt/files/2019/06/Define-os-requisitos-de-acessibilidade-dos-sítios-web-e-das-aplicações-móveis-de-organismos-públicos-transpondo-a-Diretiva_UE_2016_2102.pdf">Defines accessibility requirements for websites and mobile applications of public bodies transposing EU Directive 2016_2102</a><a href="http://crid.esecs.ipleiria.pt/files/2019/06/Define-os-requisitos-de-acessibilidade-dos-sítios-web-e-das-aplicações-móveis-de-organismos-públicos-transpondo-a-Diretiva_UE_2016_2102.pdf" class="wp-block-file__button wp-element-button" download aria-describedby="wp-block-file--media-680486ff-3e8d-4843-b96e-756a4c4b61e0">Descarregar</a></div>



<div class="wp-block-file"><a id="wp-block-file--media-008d8c7a-4ed1-4674-99de-c4075cdbfb4b" href="http://crid.esecs.ipleiria.pt/files/2019/06/Altera-o-regime-da-acessibilidade-aos-edifícios-e-estabelecimentos-que-recebem-público-via-pública-e-edifícios-habitacionais.pdf">Changes the accessibility regime for buildings and establishments that receive public via public roads and residential buildings</a><a href="http://crid.esecs.ipleiria.pt/files/2019/06/Altera-o-regime-da-acessibilidade-aos-edifícios-e-estabelecimentos-que-recebem-público-via-pública-e-edifícios-habitacionais.pdf" class="wp-block-file__button wp-element-button" download aria-describedby="wp-block-file--media-008d8c7a-4ed1-4674-99de-c4075cdbfb4b">Descarregar</a></div>



<div class="wp-block-file"><a id="wp-block-file--media-8f56744c-4234-4857-ba18-43c75f8b88a2" href="http://crid.esecs.ipleiria.pt/files/2019/06/Institui-o-programa-Modelo-de-Apoio-à-Vida-Independente.pdf">Establishes the Independent Living Support Model program</a><a href="http://crid.esecs.ipleiria.pt/files/2019/06/Institui-o-programa-Modelo-de-Apoio-à-Vida-Independente.pdf" class="wp-block-file__button wp-element-button" download aria-describedby="wp-block-file--media-8f56744c-4234-4857-ba18-43c75f8b88a2">Descarregar</a></div>



<div class="wp-block-file"><a id="wp-block-file--media-ea655257-2e7b-4cdc-be14-db80a61a77a5" href="http://crid.esecs.ipleiria.pt/files/2019/06/Regulamento-de-Avaliação-Funcional-da-Deficiência-para-Prioridade-no-Acesso-e-Ingresso-nos-Cursos-Técnicos-Superiores-Profissionais-do-Instituto-Politécnico-de-Leiria.pdf">Regulation of Functional Assessment of Disability for Priority in Access and Entry into Higher Professional Technical Courses at the Polytechnic Institute of Leiria</a><a href="http://crid.esecs.ipleiria.pt/files/2019/06/Regulamento-de-Avaliação-Funcional-da-Deficiência-para-Prioridade-no-Acesso-e-Ingresso-nos-Cursos-Técnicos-Superiores-Profissionais-do-Instituto-Politécnico-de-Leiria.pdf" class="wp-block-file__button wp-element-button" download aria-describedby="wp-block-file--media-ea655257-2e7b-4cdc-be14-db80a61a77a5">Descarregar</a></div>



<div class="wp-block-file"><a id="wp-block-file--media-b14e983b-3876-4ffe-8c21-88a2be380560" href="http://crid.esecs.ipleiria.pt/files/2019/06/decreto_lei_54_2018.pdf">Decree-Law No. 54/2018</a><a href="http://crid.esecs.ipleiria.pt/files/2019/06/decreto_lei_54_2018.pdf" class="wp-block-file__button wp-element-button" download aria-describedby="wp-block-file--media-b14e983b-3876-4ffe-8c21-88a2be380560">Descarregar</a></div>



<div class="wp-block-file"><a id="wp-block-file--media-16de02ab-c1b5-493c-bf57-e088a31d9866" href="http://crid.esecs.ipleiria.pt/files/2019/06/Alteração-ao-decreto-lei-54-2018.pdf">Amendment to Decree-Law No. 54/2018</a><a href="http://crid.esecs.ipleiria.pt/files/2019/06/Alteração-ao-decreto-lei-54-2018.pdf" class="wp-block-file__button wp-element-button" download aria-describedby="wp-block-file--media-16de02ab-c1b5-493c-bf57-e088a31d9866">Descarregar</a></div>



<div class="wp-block-file"><a id="wp-block-file--media-34397750-a9ec-4628-a584-d3026d08e22b" href="http://crid.esecs.ipleiria.pt/files/2019/06/faq_-_dl_54_-_versao_4.pdf">FAQ Decree-Law No. 54/2018</a><a href="http://crid.esecs.ipleiria.pt/files/2019/06/faq_-_dl_54_-_versao_4.pdf" class="wp-block-file__button wp-element-button" download aria-describedby="wp-block-file--media-34397750-a9ec-4628-a584-d3026d08e22b">Descarregar</a></div>



<div class="wp-block-file"><a id="wp-block-file--media-5e779d04-b1a5-4ed8-8832-9d8d834fd8e9" href="http://crid.esecs.ipleiria.pt/files/2019/06/manual_de_apoio_a_pratica.pdf">Practice support manual</a><a href="http://crid.esecs.ipleiria.pt/files/2019/06/manual_de_apoio_a_pratica.pdf" class="wp-block-file__button wp-element-button" download aria-describedby="wp-block-file--media-5e779d04-b1a5-4ed8-8832-9d8d834fd8e9">Descarregar</a></div>



<div class="wp-block-file"><a id="wp-block-file--media-476399b2-c0a0-4c57-b2f1-9a421a694511" href="http://crid.esecs.ipleiria.pt/files/2019/06/decreto_lei_55_2018.pdf">Decree-Law No. 55/2018</a><a href="http://crid.esecs.ipleiria.pt/files/2019/06/decreto_lei_55_2018.pdf" class="wp-block-file__button wp-element-button" download aria-describedby="wp-block-file--media-476399b2-c0a0-4c57-b2f1-9a421a694511">Descarregar</a></div>

<p>Convenção sobre os Direitos das Pessoas com Deficiência em Língua Gestual Portuguesa / Convention on the Rights of Persons with Disabilities in Portuguese Sign Language</p>
